 of r(10).
7, 17
Suppose -g + 20 = 2*v, -2*v - v = -4*g + 91. Suppose -5*j + 4*j + g = 0. What are the prime factors of j?
2, 11
Suppose -29*s + 225 = -28*s. What are the prime factors of s?
3, 5
Let d = 143 - 39. What are the prime factors of d?
2, 13
Let c = 3 + -4. Let i be (3 + -1)/(c/(-2)). Suppose -6 = 3*s - i*s. List the prime factors of s.
2, 3
Let y(i) = i**3 + 13*i**2 + 10*i + 12. List the prime factors of y(-12).
2, 3
Let k = 57 + -28. Suppose k = -5*c + 94. What are the prime factors of c?
13
Let i(l) = -l**3 + 10*l**2 + 12*l - 3. Suppose 0 = -5*h + 24 + 31. List the prime factors of i(h).
2
What are the prime factors of 4 + (12/(-42) - 1129/(-7))?
3, 5, 11
Let k be 0/((1 - 1) + -1). Let f(c) = -6*c - c**2 + k*c + 2*c**2. List the prime factors of f(7).
7
Let l(i) = 0*i**2 - 1 + 2*i - i - i**2. Let s(o) = -4*o**2 + 7*o + 2. Let q(j) = -3*l(j) + s(j). List the prime factors of q(4).
5
Let y = 3 + -2. Let i be 2 + 0 - (1 - y). Suppose -n = i*n - 33. List the prime factors of n.
11
Let y(k) = -k + 12. Suppose -3*h + 30 = t, 0 = -h - h + 3*t + 9. List the prime factors of y(h).
3
Let z(n) = n**2 - 6*n + 6. Let f be z(4). Let q be 8*(3/f)/(-3). Suppose -q*t + 12 = -12. List the prime factors of t.
2, 3
Let z(y) = -11*y + 1. Let a be z(-1). Suppose 0*c - 3*c = -a. Suppose i = -5*w + 32, -2*w - i + c*i = -6. What are the prime factors of w?
2, 3
Suppose 5*s - 4*s - 8 = 0. Let a = s + 4. List the prime factors of a.
2, 3
Suppose 4*y - 60 = 2*y. What are the prime factors of y?
2, 3, 5
Let b(j) = j**2 - j - 3. What are the prime factors of b(4)?
3
What are the prime factors of ((-18)/15)/((-2)/15)?
3
Let f = -2 + -6. Let g = 13 + f. List the prime factors of g.
5
Let l(h) = 4*h**2 + 15*h + 3. What are the prime factors of l(4)?
127
List the prime factors of -1 + -4 + (2 - -171).
2, 3, 7
Let j(y) = -y**2 + 6*y + 7. Let b be j(6). Suppose 3*a = b + 2. Suppose a*m + 72 = 5*g, -4 = m - 0*m. List the prime factors of g.
2, 3
List the prime factors of (33/12)/(3/408).
2, 11, 17
Suppose 2*f + 1 = -5. What are the prime factors of 2/(-6)*0 - f?
3
Suppose 5*k - 3 = 7. Let i(o) = -2*o - 2. Let s be i(-2). Let u = s + k. What are the prime factors of u?
2
Let v = 0 - -2. Suppose -8 = -v*k + 30. What are the prime factors of k?
19
Let n = 131 - 71. Suppose 4*j = -c - 69, -4*j = j - 4*c + n. What are the prime factors of (30/4)/((-12)/j)?
2, 5
Let z(p) = p**2 - p - 8. Let m be z(0). Let y = 12 + m. Suppose y*h - 8 = 2*h. List the prime factors of h.
2
Suppose z = -2*p + 333, 3*z + 71 = p - 106. Suppose 2*o - f - p = -3*o, -4*o + 2*f = -132. List the prime factors of o.
2, 17
Let m(k) = -k**2 + 6*k - 4. Let f be m(4). Suppose -f*y = -3*d - 32, 0 = -0*y + 3*y - d - 19. What are the prime factors of y?
5
Let i(y) = y - 7. Let z be i(4). Let m = z - -9. List the prime factors of m.
2, 3
Let h(q) = 7*q**3 + 5*q**2 - 3*q - 4. What are the prime factors of h(3)?
13, 17
Let g(z) = -4*z - 4. Let k(f) = 3*f + 3. Let l(h) = -5*g(h) - 6*k(h). Let y be l(4). Let o = 17 - y. What are the prime factors of o?
7
Suppose 4*h + 2*u = 10, 6 = -u + 3*u. Let o be (-122*h)/(-2) + -2. Suppose 3*k + 3*s - o = -20, -5*s + 53 = 4*k. What are the prime factors of k?
2, 3
Suppose 0*k - 1530 = -10*k. What are the prime factors of k?
3, 17
Let z(h) = -2*h**3 + h + 1. Let s be z(-2). Suppose -i - s + 25 = 0. What are the prime factors of i?
2, 5
Suppose -22 = -3*n + 2*n. Let y = n - 6. What are the prime factors of y?
2
Let c be 12*(-3)/6*-21. Let d = c + -86. What are the prime factors of d?
2, 5
Let z = 34 + 2. List the prime factors of z.
2, 3
Suppose 411 = -319*x + 322*x. List the prime factors of x.
137
Suppose -3*r - 39 = -4*l - 114, 0 = 2*r - 3*l - 49. List the prime factors of r.
29
Let g be -15 + (0 - (0 + -1)). Let s be (-1 + 3)*g/(-4). Let h = s - 4. What are the prime factors of h?
3
Suppose -41 + 9 = 4*w. Let i = w + 22. List the prime factors of i.
2, 7
Suppose 4*i = -k - 13 - 9, 41 = -5*k + 3*i. Let j be (-8)/k*105/14. List the prime factors of -2 - (3 - j) - -12.
13
Let v = -2 - -6. Suppose -4*t - 3*b - 120 = 99, -4 = v*b. What are the prime factors of ((-1)/3)/(2/t)?
3
Let c be (-2)/(-1) - (-140)/10. Let l = c - 8. List the prime factors of l.
2
Let t = -11 + 73. What are the prime factors of t?
2, 31
Let c = 6 + -2. Let m be (-6)/(-21) - (-150)/14. Suppose -4*s + 12 + m = -a, 2*s - 22 = c*a. List the prime factors of s.
5
Suppose -4*g + 0*g = -600. List the prime factors of g/18 + 2/(-6).
2
Let s = 12 - 9. Let w = s - -3. What are the prime factors of w?
2, 3
Let v = 21 - 6. What are the prime factors of 2*(2 - v/(-6))?
3
Suppose 0 = m + 3, -q + 3 = m - 0. Let x = q - -1. What are the prime factors of x?
7
Suppose 3*z - 15 = l, 0 = 2*z - 3*z - 4*l + 5. What are the prime factors of z?
5
Let p = -15 + 6. List the prime factors of (39/p)/((-2)/6).
13
Let i = 18 - 1. Suppose 0 = -2*u + 3*u + 5*r - i, -4*r = 2*u - 28. What are the prime factors of u?
2, 3
Let h = -22 - -13. Let t(p) = 5*p + 2*p**2 + 8*p**2 - 9*p**2 - 12 + 2*p. List the prime factors of t(h).
2, 3
List the prime factors of -17*(0 + 1 + -3).
2, 17
Let w(f) = f**3 + 2*f**2 - f - 3. Let a = -1 + 3. What are the prime factors of w(a)?
11
Let p(j) = -j**3 - 6*j**2 + 8*j + 7. Let a be p(-7). Suppose a = 3*m - 16 - 41. List the prime factors of m.
19
Let n(f) = 3*f**2 + 17*f. List the prime factors of n(5).
2, 5
Let q = 10 - -82. What are the prime factors of q?
2, 23
Let b(w) = w + 8. Suppose -7 = -x - 1. What are the prime factors of b(x)?
2, 7
Let x = -13 - -15. Let w be 4/3*(0 - -3). Suppose -5*j = x*h - 55, 0*j - 5*h = w*j - 61. What are the prime factors of j?
3
Suppose 5*q + 39 + 1 = 0. Let r be (-52)/q - 2/4. Let m = r - 1. List the prime factors of m.
5
Let s = -4 - -4. Let o(d) = -d**3 - d**2 + 2. Let x be o(s). Suppose x*q + q = 36. List the prime factors of q.
2, 3
Suppose -5*q + 15 = -0*q. Suppose 4*w - q - 13 = 0. What are the prime factors of w?
2
Suppose 2*y + 10 = 7*y. Suppose -2 = -d + 3*j, 4*d = j + y*j + 35. List the prime factors of d.
11
Let o be (-2)/13 + (-4)/(-26). Suppose o = -5*b + 217 - 22. What are the prime factors of b?
3, 13
List the prime factors of (11 - 8)/(0 + (-2)/(-52)).
2, 3, 13
Let u(x) = 9*x - 10. What are the prime factors of u(4)?
2, 13
Let d(t) be the first derivative of t**4/4 - 4*t**3/3 + t**2/2 - 7*t + 1. What are the prime factors of d(5)?
23
Let g = -267 + 420. Suppose 2*j = -j + g. What are the prime factors of j?
3, 17
Let h be (4 + -3)*(19 + -2). Suppose -3*t = -h - 1. What are the prime factors of t?
2, 3
Suppose 5*x - 1128 = -4*r, -r + 2*r = 5*x + 307. List the prime factors of r.
7, 41
Let k = 381 - 198. What are the prime factors of k?
3, 61
Let o(k) = 3*k - 5. Let n be (-3 - -2)/((-2)/(-18)). Let r be 3/n + 48/9. List the prime factors of o(r).
2, 5
Suppose -4*b - 18 - 18 = 5*l, 0 = 5*b - 5*l. Let c(s) = s**2 - s - 2. Let u be c(b). Suppose 5*a + u = 78. List the prime factors of a.
2, 3
Let t(h) = 7*h + 2. Let v = 13 - 10. List the prime factors of t(v).
23
Let j = 13 + -3. What are the prime factors of j?
2, 5
List the prime factors of (-73)/(-7) + 16/28.
11
Suppose 5*r - 2*r + 117 = 3*q, r - 93 = -2*q. What are the prime factors of q?
2, 11
Suppose 0 = -2*j - 17 - 3. Let h = 2 - 3. What are the prime factors of (j/4)/(h/2)?
5
Let v be (6/15)/(1/125). Suppose 2*x - v = -3*x. List the prime factors of x.
2, 5
Let t(m) = 4*m + 18. What are the prime factors of t(2)?
2, 13
Suppose 2*j + 4*b = -12, -3*b + 70 = -5*j + 14. Let y be (-28)/(-5) - j/25. Suppose m = y - 2. List the prime factors of m.
2
Let q = -146 + 260. What are the prime factors of q?
2, 3, 19
Suppose 7*v = 2*v + 85. Let z = -22 - v. What are the prime factors of (-2)/(-8) - z/4?
2, 5
Let m(j) = 3*j - 2. Let n be m(-3). Let s = n - -15. What are the prime factors of s?
2
Let o(y) = y**2 - 3*y + 1. Suppose -5*p = -5*w + 15 + 10, -5*p + 5 = w. List the prime factors of o(w).
11
Suppose -6*h - 40 = -h. Let l(o) = 5*o - o**2 + o**2 + o**3 - 9 + 9*o**2. List the prime factors of l(h).
3, 5
Suppose -33 = -2*l + 3*r + 47, 0 = -2*l - 4*r + 108. What are the prime factors of l?
2, 23
Let v(d) = d**3 + 5*d**2 - d - 3. Let k be v(-5). Suppose -5*a - y - 246 = 0, -k*a - 37 - 71 = -2*y. What are the p